vided by 67?
66
Suppose 0 = 5*i - 15, -3*i - 702 = -3*l - 231. Let y = l - 132. What is the remainder when 78 is divided by y?
22
Suppose 739 + 389 = 12*v. What is the remainder when v is divided by 48?
46
Let a(r) = -6*r**2 - 6*r + 6. Let q be a(3). Let h = 71 + q. What is the remainder when 7 is divided by h?
2
Suppose y + 461 - 548 = 0. What is the remainder when y is divided by 11?
10
Let s = -1640 - -1686. Calculate the remainder when s is divided by 13.
7
Let g = -119 + 140. What is the remainder when 146 is divided by g?
20
Suppose -y = -z - 30, -3*y + z = -6*y + 86. Let r = 37 - y. What is the remainder when 19 is divided by r?
3
Let o = 12 + 46. Calculate the remainder when 115 is divided by ((-48)/32)/((-3)/o).
28
Let i be (2/3)/((-18)/(-108)). Suppose -i = -4*p + 3*p. What is the remainder when 12 is divided by p?
0
Suppose 11*u = 6*u + 185. Suppose -10 = 2*k, -v + u = -6*k + k. What is the remainder when v is divided by 5?
2
Let d be ((-8)/12)/(10/(-615)). Calculate the remainder when 37 is divided by 2/(-4) + (-4)/(-8)*d.
17
Suppose 0 = -19*p + 4*p + 120. Suppose 0 = j + 2*j - 165. What is the remainder when j is divided by p?
7
Let t(h) = -129*h - 519. What is the remainder when t(-16) is divided by 43?
40
Suppose -2391 = -g - 1905. What is the remainder when g is divided by 159?
9
Let c(z) = -3*z**2 - 62*z - 38. Suppose 5*p + 14 = -11, 4*u + 4*p + 16 = 0. What is the remainder when c(-20) is divided by u?
0
Let r = -322 + 357. What is the remainder when 383 is divided by r?
33
Let p(n) = -1 - n - n + 4*n + n**2. Suppose -4*w = -170 + 186. Calculate the remainder when 26 is divided by p(w).
5
Suppose -4*m = 535 - 683. Calculate the remainder when m is divided by 4.
1
Suppose -45*z + 43*z = -24. What is the remainder when 92 is divided by z?
8
Suppose 4*y + 411 = 5*z, -388 + 140 = -3*z + y. What is the remainder when 497 is divided by z?
82
Suppose 0 = -2*b - 5*m + 487, 4*b - 1049 = 7*m - 2*m. What is the remainder when b is divided by 83?
7
Let h(l) = l**3 - 3*l**2 - l - 4. Let p(m) = m + 8. Let i be p(-5). Let u be h(i). Calculate the remainder when (-3)/u + (-2272)/(-56) is divided by 11.
8
Let c be 147/1*(3 + (-2)/3). Suppose 41 + c = 12*v. Calculate the remainder when v is divided by 17.
15
Suppose -5*l = -k - 83, 5*k = 12 - 2. Suppose 3*p - 400 = -s, -5*p + 2*s + 406 = -2*p. What is the remainder when p is divided by l?
15
Calculate the remainder when (3 - 0) + 14 + -1 is divided by -1*(-4)/16*6*6.
7
Suppose 0 = -8*w + 11*w - 81. Suppose 24*o - w*o = -18. Calculate the remainder when o is divided by 2.
0
Let z be (22/3)/((-9)/27). Let v = z - -15. What is the remainder when 11 is divided by (-24)/2*v/21?
3
Let x = 89 + -85. Calculate the remainder when 35 is divided by x.
3
Suppose 0 = 9*r - 3*r. Let t be r - -1 - (2 + -6). Suppose 3*s - 56 = -t*s. What is the remainder when 40 is divided by s?
5
What is the remainder when 204 is divided by 32/(-84)*-54 - (-8)/(-14)?
4
Suppose -778 = -4*b - 670. Calculate the remainder when b is divided by 20.
7
Let l(y) = -y**3 - y + 12. Suppose 0 = n + n + 5*x, 3*n - 5*x = 0. Let u = -347 - -393. What is the remainder when u is divided by l(n)?
10
Let t be (-4)/(-1 + 4/12). Suppose a - 5*h + 11 = 0, 2*a + 3*h - 78 = t*a. Let n = -12 - a. What is the remainder when 25 is divided by n?
7
Let a(x) = x**2 - 14*x + 16. Let m be a(12). Let h = 37 - 23. Calculate the remainder when h is divided by 2/m - 42/(-8).
4
Let n = -173 + 176. What is the remainder when 79 is divided by n?
1
Let k(v) = 42*v**2 + 55*v + 56. What is the remainder when k(-1) is divided by 14?
1
Let o(v) = 0*v - 2*v + 4*v**2 + 2 + 4 + 6*v. Calculate the remainder when o(-3) is divided by 11.
8
Let n be 186/12 - 3/(-2). Suppose 3*o - 10 = n. Calculate the remainder when (-924)/(-27) - (-4)/(-18) is divided by o.
7
Suppose 2*j - 4*v + 35 = 87, -3 = 3*v. Let k(c) = c**3 + 22*c**2 - c + 23. What is the remainder when k(-22) is divided by j?
21
Let o be (-40)/(-12)*(-9)/(-5). Suppose -o = -3*j + 4*j. Let w(d) = -7*d - 6. Calculate the remainder when w(j) is divided by 13.
10
Let y(u) = 6 + 9 - 21 + 7*u**2. Let i be y(2). Let v = 27 - i. Calculate the remainder when v is divided by 4.
1
Suppose -5*b + 5*h + 8 = -b, -4*h + 51 = 5*b. Let n be -8 + 47 - (2 - 1). Let k = -19 + n. Calculate the remainder when k is divided by b.
5
Suppose 3*t = -2*p + 14 + 23, 0 = -3*p - 12. Suppose b = 6*b - t. Suppose 3*k = b, -2*x + 56 = 5*k + 11. Calculate the remainder when x is divided by 11.
9
Let w(x) = x**2 + 4*x - 8. Suppose 3*z - 36 = 4*i + 52, -5*i - 105 = -5*z. Let o = i + 18. Calculate the remainder when 24 is divided by w(o).
11
Let d be (-10)/((-31)/(-8) - 4). Let p = -78 + d. Calculate the remainder when 2 is divided by p.
0
Let t = 115 + -56. Suppose -l + 15 + 11 = 3*f, -f = -2*l + t. What is the remainder when l is divided by 15?
14
Let q = 54 + -52. Suppose 4 + 6 = 2*b, -q*z - 5*b = -91. Calculate the remainder when 65 is divided by z.
32
Let c be (10/15)/((-2)/(-183)). Suppose -3*f + c = -4*z + 2, -z = -5*f + 104. Let p = -24 - -35. What is the remainder when f is divided by p?
10
Let j(o) = -73*o + 661. Suppose 1 = 2*z - 5. Calculate the remainder when j(9) is divided by z.
1
Suppose -3*l = l - 308. Suppose 2*h + 7 = l. Suppose 8 = -3*c + h. Calculate the remainder when 15 is divided by c.
6
Let u = -210 + 230. Calculate the remainder when 258 is divided by u.
18
Let o = -940 - -945. What is the remainder when 178 is divided by o?
3
Let b = -190 + 206. What is the remainder when 28 is divided by b?
12
Suppose 0 = -3*d + 4*b - 14, 0*b + 3*b - 7 = 4*d. Suppose 0 = 2*v - d, 5*j - 2*v - 5 - 43 = 0. Calculate the remainder when 38 is divided by j.
8
Suppose 5*k - 6*k - 4*l + 33 = 0, 0 = -3*k - 4*l + 91. Suppose 3*m + 2*o - 31 = 0, -4 + 18 = 2*m - 2*o. Calculate the remainder when k is divided by m.
2
What is the remainder when 534/5 + (-164)/205 is divided by 7?
1
Suppose -41*b + 2193 = -882. What is the remainder when b is divided by 23?
6
Let i = 48 + -38. Suppose -354 = i*u - 13*u. What is the remainder when u is divided by 24?
22
Let u(l) = l**3 + 25*l**2 - 57*l - 12. What is the remainder when u(-27) is divided by 9?
6
Let z(c) = -69*c + 6. Calculate the remainder when 147 is divided by z(-1).
72
Suppose -3*h + 134 = 4*l - 170, -5*h + 4*l = -528. Let q be 52/10 + (-1)/5. Suppose g + h = q*g. Calculate the remainder when g is divided by 7.
5
Suppose -3*d + 69 = -3*h, -8*d + h = -9*d + 23. Suppose 0 = -2*j + 12 + 14. Calculate the remainder when d is divided by j.
10
Let d(r) = -1 - 4 - r - 1 + 4*r. Suppose 4*c - 31 = 2*c - 5*i, 5*i - 47 = -4*c. Calculate the remainder when d(c) is divided by 10.
8
Let t(a) = a**2 + 4*a - 7. Let o(l) = -l**3 - 4*l**2 + 5. Let b be o(-4). Suppose -40 = d - 5*d. What is the remainder when t(b) is divided by d?
8
Let o = 13 - 13. Let l(b) = -b**3 + b**2 + b - 17. Let f be l(o). What is the remainder when 49 is divided by 1/((3/f)/(-3))?
15
Let u = 190 - 168. Calculate the remainder when 260 is divided by u.
18
Let o(w) be the third derivative of -w**6/120 + w**5/10 + 5*w**4/24 + w**3/2 - 6*w**2. What is the remainder when o(6) is divided by 9?
6
Suppose 0*b = b - 4. Let z = 3 - b. Calculate the remainder when 4*z/(4/(-46)) is divided by 16.
14
Suppose -4*k + 11 = y, 16 = -k + 4*y + 6. Suppose 0 = 3*g - k*g - 20. What is the remainder when -116*(1/(-2))/1 is divided by g?
18
Let c = 92 - 67. Suppose -13 - 17 = -2*g - 4*i, 5*i - c = 0. Calculate the remainder when g is divided by 1.
0
Suppose -3*l - 2*l - 4*j = -1085, -4*l = -5*j - 827. What is the remainder when l is divided by 67?
12
Let j(c) = c**2 + 2*c + 23. Let k be j(-8). Let r = k - 58. Calculate the remainder when 24 is divided by r.
11
Let s(j) = -j**3 + 3*j**2 + 20*j + 30. What is the remainder when 272 is divided by s(-4)?
24
Let n = -216 - -450. Suppose -k = 0, 2*k - n = -3*g - 2*k. What is the remainder when g is divided by 27?
24
Suppose -1935*u = -1945*u + 410. What is the remainder when u is divided by 14?
13
Let h(i) = -i**3 - 5*i**2 + 7*i + 7. Let j be h(-6). Let w be (6/(-1))/(1/j). Calculate the remainder when 32 is divided by 68/6 + 2/w.
10
Suppose 0 = 5*u - 27 - 28. Let t = u + -9. Suppose -t*r + 15 - 77 = -5*b, -5*r + 34 = b. Ca